{"id":1038,"date":"2022-01-30T01:07:30","date_gmt":"2022-01-30T01:07:30","guid":{"rendered":"https:\/\/www.monopolcity.com\/?page_id=1038"},"modified":"2022-03-09T23:14:44","modified_gmt":"2022-03-09T23:14:44","slug":"si-te-blini","status":"publish","type":"page","link":"https:\/\/www.monopolcity.com\/?page_id=1038","title":{"rendered":"Si t\u00eb blini"},"content":{"rendered":"\n<div class=\"wp-block-group is-layout-flex wp-block-group-is-layout-flex\">\n<div style=\"height:60px\" aria-hidden=\"true\" class=\"wp-block-spacer\"><\/div>\n<\/div>\n\n\n\n<div class=\"wp-block-group is-layout-flex wp-block-group-is-layout-flex\">\n<h2 class=\"wp-block-heading\" id=\"si-te-blini-prone-ne-monopol-city\">Si t\u00eb blini pron\u00eb n\u00eb Monopol City<\/h2>\n\n\n\n<div style=\"height:60px\" aria-hidden=\"true\" class=\"wp-block-spacer\"><\/div>\n<\/div>\n\n\n\n<div class=\"wp-block-group is-layout-flex wp-block-group-is-layout-flex\">\n<div style=\"height:60px\" aria-hidden=\"true\" class=\"wp-block-spacer\"><\/div>\n<\/div>\n\n\n\n<div class=\"wp-block-group is-layout-flex wp-block-group-is-layout-flex\">\n<div class=\"wp-block-columns is-layout-flex wp-container-core-columns-is-layout-9d6595d7 wp-block-columns-is-layout-flex\">\n<div class=\"wp-block-column is-layout-flow wp-block-column-is-layout-flow\" style=\"flex-basis:33.33%\">\n<figure class=\"wp-block-image size-large\"><img decoding=\"async\" width=\"1024\" height=\"683\" src=\"https:\/\/www.monopolcity.com\/wp-content\/uploads\/2022\/03\/Registration-1024x683.jpg\" alt=\"\" class=\"wp-image-2339\" srcset=\"https:\/\/www.monopolcity.com\/wp-content\/uploads\/2022\/03\/Registration-1024x683.jpg 1024w, https:\/\/www.monopolcity.com\/wp-content\/uploads\/2022\/03\/Registration-300x200.jpg 300w, https:\/\/www.monopolcity.com\/wp-content\/uploads\/2022\/03\/Registration-768x512.jpg 768w, https:\/\/www.monopolcity.com\/wp-content\/uploads\/2022\/03\/Registration-1536x1024.jpg 1536w, https:\/\/www.monopolcity.com\/wp-content\/uploads\/2022\/03\/Registration.jpg 1920w\" sizes=\"(max-width: 1024px) 100vw, 1024px\" \/><\/figure>\n<\/div>\n\n\n\n<div class=\"wp-block-column is-vertically-aligned-center is-layout-flow wp-block-column-is-layout-flow\" style=\"flex-basis:66.66%\">\n<h3 class=\"wp-block-heading\" id=\"step-1-registration\">Hapi 1 &#8211; Regjistrimi<\/h3>\n\n\n\n<p><\/p>\n<\/div>\n<\/div>\n<\/div>\n\n\n\n<div class=\"wp-block-columns is-layout-flex wp-container-core-columns-is-layout-9d6595d7 wp-block-columns-is-layout-flex\">\n<div class=\"wp-block-column is-vertically-aligned-center is-layout-flow wp-block-column-is-layout-flow\" style=\"flex-basis:66.66%\">\n<h3 class=\"wp-block-heading\" id=\"step-1-registration\">Hapi 2 &#8211; Takohuni me nj\u00eb K\u00ebshilltar t\u00eb Objektit<\/h3>\n\n\n\n<p><\/p>\n<\/div>\n\n\n\n<div class=\"wp-block-column is-layout-flow wp-block-column-is-layout-flow\" style=\"flex-basis:33.33%\">\n<figure class=\"wp-block-image size-large\"><img decoding=\"async\" width=\"1024\" height=\"686\" src=\"https:\/\/www.monopolcity.com\/wp-content\/uploads\/2022\/03\/Meet-with-a-Property-Advisor-1024x686.jpg\" alt=\"\" class=\"wp-image-2342\" srcset=\"https:\/\/www.monopolcity.com\/wp-content\/uploads\/2022\/03\/Meet-with-a-Property-Advisor-1024x686.jpg 1024w, https:\/\/www.monopolcity.com\/wp-content\/uploads\/2022\/03\/Meet-with-a-Property-Advisor-300x201.jpg 300w, https:\/\/www.monopolcity.com\/wp-content\/uploads\/2022\/03\/Meet-with-a-Property-Advisor-768x514.jpg 768w, https:\/\/www.monopolcity.com\/wp-content\/uploads\/2022\/03\/Meet-with-a-Property-Advisor-1536x1029.jpg 1536w, https:\/\/www.monopolcity.com\/wp-content\/uploads\/2022\/03\/Meet-with-a-Property-Advisor.jpg 1920w\" sizes=\"(max-width: 1024px) 100vw, 1024px\" \/><\/figure>\n<\/div>\n<\/div>\n\n\n\n<div class=\"wp-block-columns is-layout-flex wp-container-core-columns-is-layout-9d6595d7 wp-block-columns-is-layout-flex\">\n<div class=\"wp-block-column is-layout-flow wp-block-column-is-layout-flow\" style=\"flex-basis:33.33%\">\n<figure class=\"wp-block-image size-large\"><img decoding=\"async\" width=\"1024\" height=\"683\" src=\"https:\/\/www.monopolcity.com\/wp-content\/uploads\/2022\/03\/Reservation-Agreement-1024x683.jpg\" alt=\"\" class=\"wp-image-2344\" srcset=\"https:\/\/www.monopolcity.com\/wp-content\/uploads\/2022\/03\/Reservation-Agreement-1024x683.jpg 1024w, https:\/\/www.monopolcity.com\/wp-content\/uploads\/2022\/03\/Reservation-Agreement-300x200.jpg 300w, https:\/\/www.monopolcity.com\/wp-content\/uploads\/2022\/03\/Reservation-Agreement-768x512.jpg 768w, https:\/\/www.monopolcity.com\/wp-content\/uploads\/2022\/03\/Reservation-Agreement-1536x1025.jpg 1536w, https:\/\/www.monopolcity.com\/wp-content\/uploads\/2022\/03\/Reservation-Agreement.jpg 1920w\" sizes=\"(max-width: 1024px) 100vw, 1024px\" \/><\/figure>\n<\/div>\n\n\n\n<div class=\"wp-block-column is-vertically-aligned-center is-layout-flow wp-block-column-is-layout-flow\" style=\"flex-basis:66.66%\">\n<h3 class=\"wp-block-heading\" id=\"step-1-registration\">Hapi 3 &#8211; Marr\u00ebveshja e Rezervimit<\/h3>\n\n\n\n<p><\/p>\n<\/div>\n<\/div>\n\n\n\n<div class=\"wp-block-columns is-layout-flex wp-container-core-columns-is-layout-9d6595d7 wp-block-columns-is-layout-flex\">\n<div class=\"wp-block-column is-vertically-aligned-center is-layout-flow wp-block-column-is-layout-flow\" style=\"flex-basis:66.66%\">\n<h3 class=\"wp-block-heading\" id=\"step-1-registration\">Hapi 4 &#8211; N\u00ebnshkrimi i Marr\u00ebveshjes s\u00eb Blerjes s\u00eb Shitjes<\/h3>\n\n\n\n<p><\/p>\n<\/div>\n\n\n\n<div class=\"wp-block-column is-layout-flow wp-block-column-is-layout-flow\" style=\"flex-basis:33.33%\">\n<figure class=\"wp-block-image size-large is-resized\"><img decoding=\"async\" src=\"https:\/\/www.monopolcity.com\/wp-content\/uploads\/2022\/03\/Purchase-Agreement-819x1024.jpg\" alt=\"\" class=\"wp-image-2348\" width=\"268\" height=\"335\" srcset=\"https:\/\/www.monopolcity.com\/wp-content\/uploads\/2022\/03\/Purchase-Agreement-819x1024.jpg 819w, https:\/\/www.monopolcity.com\/wp-content\/uploads\/2022\/03\/Purchase-Agreement-240x300.jpg 240w, https:\/\/www.monopolcity.com\/wp-content\/uploads\/2022\/03\/Purchase-Agreement-768x960.jpg 768w, https:\/\/www.monopolcity.com\/wp-content\/uploads\/2022\/03\/Purchase-Agreement-1229x1536.jpg 1229w, https:\/\/www.monopolcity.com\/wp-content\/uploads\/2022\/03\/Purchase-Agreement-1638x2048.jpg 1638w, https:\/\/www.monopolcity.com\/wp-content\/uploads\/2022\/03\/Purchase-Agreement.jpg 1920w\" sizes=\"(max-width: 268px) 100vw, 268px\" \/><\/figure>\n<\/div>\n<\/div>\n\n\n\n<div class=\"wp-block-columns is-layout-flex wp-container-core-columns-is-layout-9d6595d7 wp-block-columns-is-layout-flex\">\n<div class=\"wp-block-column is-layout-flow wp-block-column-is-layout-flow\" style=\"flex-basis:33.33%\">\n<figure class=\"wp-block-image size-large\"><img decoding=\"async\" width=\"1024\" height=\"640\" src=\"https:\/\/www.monopolcity.com\/wp-content\/uploads\/2022\/03\/Payment-Installments-1024x640.jpg\" alt=\"\" class=\"wp-image-2350\" srcset=\"https:\/\/www.monopolcity.com\/wp-content\/uploads\/2022\/03\/Payment-Installments-1024x640.jpg 1024w, https:\/\/www.monopolcity.com\/wp-content\/uploads\/2022\/03\/Payment-Installments-300x188.jpg 300w, https:\/\/www.monopolcity.com\/wp-content\/uploads\/2022\/03\/Payment-Installments-768x480.jpg 768w, https:\/\/www.monopolcity.com\/wp-content\/uploads\/2022\/03\/Payment-Installments-1536x960.jpg 1536w, https:\/\/www.monopolcity.com\/wp-content\/uploads\/2022\/03\/Payment-Installments.jpg 1920w\" sizes=\"(max-width: 1024px) 100vw, 1024px\" \/><\/figure>\n<\/div>\n\n\n\n<div class=\"wp-block-column is-vertically-aligned-center is-layout-flow wp-block-column-is-layout-flow\" style=\"flex-basis:66.66%\">\n<h3 class=\"wp-block-heading\" id=\"step-1-registration\">Hapi 5 &#8211; Pagesa me k\u00ebste<\/h3>\n\n\n\n<p><\/p>\n<\/div>\n<\/div>\n\n\n\n<div class=\"wp-block-columns is-layout-flex wp-container-core-columns-is-layout-9d6595d7 wp-block-columns-is-layout-flex\">\n<div class=\"wp-block-column is-vertically-aligned-center is-layout-flow wp-block-column-is-layout-flow\" style=\"flex-basis:66.66%\">\n<h3 class=\"wp-block-heading\" id=\"step-1-registration\">Hapi 6 &#8211; P\u00ebrdit\u00ebsimet e progresit t\u00eb nd\u00ebrtimit<\/h3>\n\n\n\n<p><\/p>\n<\/div>\n\n\n\n<div class=\"wp-block-column is-layout-flow wp-block-column-is-layout-flow\" style=\"flex-basis:33.33%\">\n<figure class=\"wp-block-image size-large\"><img decoding=\"async\" width=\"1024\" height=\"724\" src=\"https:\/\/www.monopolcity.com\/wp-content\/uploads\/2022\/03\/Construction-Progress-Updates-1024x724.jpg\" alt=\"\" class=\"wp-image-2352\" srcset=\"https:\/\/www.monopolcity.com\/wp-content\/uploads\/2022\/03\/Construction-Progress-Updates-1024x724.jpg 1024w, https:\/\/www.monopolcity.com\/wp-content\/uploads\/2022\/03\/Construction-Progress-Updates-300x212.jpg 300w, https:\/\/www.monopolcity.com\/wp-content\/uploads\/2022\/03\/Construction-Progress-Updates-768x543.jpg 768w, https:\/\/www.monopolcity.com\/wp-content\/uploads\/2022\/03\/Construction-Progress-Updates-1536x1086.jpg 1536w, https:\/\/www.monopolcity.com\/wp-content\/uploads\/2022\/03\/Construction-Progress-Updates.jpg 1920w\" sizes=\"(max-width: 1024px) 100vw, 1024px\" \/><\/figure>\n<\/div>\n<\/div>\n\n\n\n<div class=\"wp-block-columns is-layout-flex wp-container-core-columns-is-layout-9d6595d7 wp-block-columns-is-layout-flex\">\n<div class=\"wp-block-column is-layout-flow wp-block-column-is-layout-flow\" style=\"flex-basis:33.33%\">\n<figure class=\"wp-block-image size-large\"><img decoding=\"async\" width=\"1024\" height=\"769\" src=\"https:\/\/www.monopolcity.com\/wp-content\/uploads\/2022\/03\/Property-Handover-1024x769.jpg\" alt=\"\" class=\"wp-image-2354\" srcset=\"https:\/\/www.monopolcity.com\/wp-content\/uploads\/2022\/03\/Property-Handover-1024x769.jpg 1024w, https:\/\/www.monopolcity.com\/wp-content\/uploads\/2022\/03\/Property-Handover-300x225.jpg 300w, https:\/\/www.monopolcity.com\/wp-content\/uploads\/2022\/03\/Property-Handover-768x577.jpg 768w, https:\/\/www.monopolcity.com\/wp-content\/uploads\/2022\/03\/Property-Handover-1536x1154.jpg 1536w, https:\/\/www.monopolcity.com\/wp-content\/uploads\/2022\/03\/Property-Handover.jpg 1920w\" sizes=\"(max-width: 1024px) 100vw, 1024px\" \/><\/figure>\n<\/div>\n\n\n\n<div class=\"wp-block-column is-vertically-aligned-center is-layout-flow wp-block-column-is-layout-flow\" style=\"flex-basis:66.66%\">\n<h3 class=\"wp-block-heading\" id=\"step-1-registration\">Hapi 7 &#8211; Dor\u00ebzimi dhe regjistrimi i pron\u00ebs<\/h3>\n\n\n\n<p><\/p>\n<\/div>\n<\/div>\n","protected":false},"excerpt":{"rendered":"<p>Si t\u00eb blini pron\u00eb n\u00eb Monopol City Hapi 1 &#8211; Regjistrimi Hapi 4 &#8211; N\u00ebnshkrimi i Marr\u00ebveshjes s\u00eb Blerjes s\u00eb Shitjes Hapi 5 &#8211; Pagesa me k\u00ebste Hapi 6 &#8211; P\u00ebrdit\u00ebsimet e progresit t\u00eb nd\u00ebrtimit Hapi 7 &#8211; Dor\u00ebzimi dhe regjistrimi i pron\u00ebs<\/p>\n","protected":false},"author":1,"featured_media":0,"parent":1036,"menu_order":0,"comment_status":"closed","ping_status":"closed","template":"template-parts\/template-how-to-buy.php","meta":{"inline_featured_image":false,"footnotes":""},"class_list":["post-1038","page","type-page","status-publish","hentry"],"yoast_head":"<!-- This site is optimized with the Yoast SEO plugin v26.3 - https:\/\/yoast.com\/wordpress\/plugins\/seo\/ -->\n<title>Si t\u00eb blini - Monopol City<\/title>\n<meta name=\"robots\" content=\"index, follow, max-snippet:-1, max-image-preview:large, max-video-preview:-1\" \/>\n<link rel=\"canonical\" href=\"https:\/\/www.monopolcity.com\/?page_id=1038\" \/>\n<meta property=\"og:locale\" content=\"en_US\" \/>\n<meta property=\"og:type\" content=\"article\" \/>\n<meta property=\"og:title\" content=\"Si t\u00eb blini - Monopol City\" \/>\n<meta property=\"og:description\" content=\"Si t\u00eb blini pron\u00eb n\u00eb Monopol City Hapi 1 &#8211; Regjistrimi Hapi 4 &#8211; N\u00ebnshkrimi i Marr\u00ebveshjes s\u00eb Blerjes s\u00eb Shitjes Hapi 5 &#8211; Pagesa me k\u00ebste Hapi 6 &#8211; P\u00ebrdit\u00ebsimet e progresit t\u00eb nd\u00ebrtimit Hapi 7 &#8211; Dor\u00ebzimi dhe regjistrimi i pron\u00ebs\" \/>\n<meta property=\"og:url\" content=\"https:\/\/www.monopolcity.com\/?page_id=1038\" \/>\n<meta property=\"og:site_name\" content=\"Monopol City\" \/>\n<meta property=\"article:publisher\" content=\"https:\/\/www.facebook.com\/monopolcity.ks\/?ti=as\" \/>\n<meta property=\"article:modified_time\" content=\"2022-03-09T23:14:44+00:00\" \/>\n<meta property=\"og:image\" content=\"https:\/\/www.monopolcity.com\/wp-content\/uploads\/2022\/03\/Registration-1024x683.jpg\" \/>\n<meta name=\"twitter:card\" content=\"summary_large_image\" \/>\n<meta name=\"twitter:site\" content=\"@Monopolcity_ks\" \/>\n<script type=\"application\/ld+json\" class=\"yoast-schema-graph\">{\"@context\":\"https:\/\/schema.org\",\"@graph\":[{\"@type\":\"WebPage\",\"@id\":\"https:\/\/www.monopolcity.com\/?page_id=1038\",\"url\":\"https:\/\/www.monopolcity.com\/?page_id=1038\",\"name\":\"Si t\u00eb blini - Monopol City\",\"isPartOf\":{\"@id\":\"https:\/\/www.monopolcity.com\/#website\"},\"primaryImageOfPage\":{\"@id\":\"https:\/\/www.monopolcity.com\/?page_id=1038#primaryimage\"},\"image\":{\"@id\":\"https:\/\/www.monopolcity.com\/?page_id=1038#primaryimage\"},\"thumbnailUrl\":\"https:\/\/www.monopolcity.com\/wp-content\/uploads\/2022\/03\/Registration-1024x683.jpg\",\"datePublished\":\"2022-01-30T01:07:30+00:00\",\"dateModified\":\"2022-03-09T23:14:44+00:00\",\"breadcrumb\":{\"@id\":\"https:\/\/www.monopolcity.com\/?page_id=1038#breadcrumb\"},\"inLanguage\":\"en-US\",\"potentialAction\":[{\"@type\":\"ReadAction\",\"target\":[\"https:\/\/www.monopolcity.com\/?page_id=1038\"]}]},{\"@type\":\"ImageObject\",\"inLanguage\":\"en-US\",\"@id\":\"https:\/\/www.monopolcity.com\/?page_id=1038#primaryimage\",\"url\":\"https:\/\/www.monopolcity.com\/wp-content\/uploads\/2022\/03\/Registration.jpg\",\"contentUrl\":\"https:\/\/www.monopolcity.com\/wp-content\/uploads\/2022\/03\/Registration.jpg\",\"width\":1920,\"height\":1280},{\"@type\":\"BreadcrumbList\",\"@id\":\"https:\/\/www.monopolcity.com\/?page_id=1038#breadcrumb\",\"itemListElement\":[{\"@type\":\"ListItem\",\"position\":1,\"name\":\"Home\",\"item\":\"https:\/\/www.monopolcity.com\/?page_id=17&lang=en\"},{\"@type\":\"ListItem\",\"position\":2,\"name\":\"Rreth\",\"item\":\"https:\/\/www.monopolcity.com\/?page_id=1036\"},{\"@type\":\"ListItem\",\"position\":3,\"name\":\"Si t\u00eb blini\"}]},{\"@type\":\"WebSite\",\"@id\":\"https:\/\/www.monopolcity.com\/#website\",\"url\":\"https:\/\/www.monopolcity.com\/\",\"name\":\"Monopol City\",\"description\":\"\",\"publisher\":{\"@id\":\"https:\/\/www.monopolcity.com\/#organization\"},\"potentialAction\":[{\"@type\":\"SearchAction\",\"target\":{\"@type\":\"EntryPoint\",\"urlTemplate\":\"https:\/\/www.monopolcity.com\/?s={search_term_string}\"},\"query-input\":{\"@type\":\"PropertyValueSpecification\",\"valueRequired\":true,\"valueName\":\"search_term_string\"}}],\"inLanguage\":\"en-US\"},{\"@type\":\"Organization\",\"@id\":\"https:\/\/www.monopolcity.com\/#organization\",\"name\":\"Monopol City\",\"url\":\"https:\/\/www.monopolcity.com\/\",\"logo\":{\"@type\":\"ImageObject\",\"inLanguage\":\"en-US\",\"@id\":\"https:\/\/www.monopolcity.com\/#\/schema\/logo\/image\/\",\"url\":\"https:\/\/www.monopolcity.com\/wp-content\/uploads\/2022\/07\/logo-seo-6.png\",\"contentUrl\":\"https:\/\/www.monopolcity.com\/wp-content\/uploads\/2022\/07\/logo-seo-6.png\",\"width\":352,\"height\":94,\"caption\":\"Monopol City\"},\"image\":{\"@id\":\"https:\/\/www.monopolcity.com\/#\/schema\/logo\/image\/\"},\"sameAs\":[\"https:\/\/www.facebook.com\/monopolcity.ks\/?ti=as\",\"https:\/\/x.com\/Monopolcity_ks\",\"https:\/\/www.instagram.com\/monopolcity.ks\"]}]}<\/script>\n<!-- \/ Yoast SEO plugin. -->","yoast_head_json":{"title":"Si t\u00eb blini - Monopol City","robots":{"index":"index","follow":"follow","max-snippet":"max-snippet:-1","max-image-preview":"max-image-preview:large","max-video-preview":"max-video-preview:-1"},"canonical":"https:\/\/www.monopolcity.com\/?page_id=1038","og_locale":"en_US","og_type":"article","og_title":"Si t\u00eb blini - Monopol City","og_description":"Si t\u00eb blini pron\u00eb n\u00eb Monopol City Hapi 1 &#8211; Regjistrimi Hapi 4 &#8211; N\u00ebnshkrimi i Marr\u00ebveshjes s\u00eb Blerjes s\u00eb Shitjes Hapi 5 &#8211; Pagesa me k\u00ebste Hapi 6 &#8211; P\u00ebrdit\u00ebsimet e progresit t\u00eb nd\u00ebrtimit Hapi 7 &#8211; Dor\u00ebzimi dhe regjistrimi i pron\u00ebs","og_url":"https:\/\/www.monopolcity.com\/?page_id=1038","og_site_name":"Monopol City","article_publisher":"https:\/\/www.facebook.com\/monopolcity.ks\/?ti=as","article_modified_time":"2022-03-09T23:14:44+00:00","og_image":[{"url":"https:\/\/www.monopolcity.com\/wp-content\/uploads\/2022\/03\/Registration-1024x683.jpg","type":"","width":"","height":""}],"twitter_card":"summary_large_image","twitter_site":"@Monopolcity_ks","schema":{"@context":"https:\/\/schema.org","@graph":[{"@type":"WebPage","@id":"https:\/\/www.monopolcity.com\/?page_id=1038","url":"https:\/\/www.monopolcity.com\/?page_id=1038","name":"Si t\u00eb blini - Monopol City","isPartOf":{"@id":"https:\/\/www.monopolcity.com\/#website"},"primaryImageOfPage":{"@id":"https:\/\/www.monopolcity.com\/?page_id=1038#primaryimage"},"image":{"@id":"https:\/\/www.monopolcity.com\/?page_id=1038#primaryimage"},"thumbnailUrl":"https:\/\/www.monopolcity.com\/wp-content\/uploads\/2022\/03\/Registration-1024x683.jpg","datePublished":"2022-01-30T01:07:30+00:00","dateModified":"2022-03-09T23:14:44+00:00","breadcrumb":{"@id":"https:\/\/www.monopolcity.com\/?page_id=1038#breadcrumb"},"inLanguage":"en-US","potentialAction":[{"@type":"ReadAction","target":["https:\/\/www.monopolcity.com\/?page_id=1038"]}]},{"@type":"ImageObject","inLanguage":"en-US","@id":"https:\/\/www.monopolcity.com\/?page_id=1038#primaryimage","url":"https:\/\/www.monopolcity.com\/wp-content\/uploads\/2022\/03\/Registration.jpg","contentUrl":"https:\/\/www.monopolcity.com\/wp-content\/uploads\/2022\/03\/Registration.jpg","width":1920,"height":1280},{"@type":"BreadcrumbList","@id":"https:\/\/www.monopolcity.com\/?page_id=1038#breadcrumb","itemListElement":[{"@type":"ListItem","position":1,"name":"Home","item":"https:\/\/www.monopolcity.com\/?page_id=17&lang=en"},{"@type":"ListItem","position":2,"name":"Rreth","item":"https:\/\/www.monopolcity.com\/?page_id=1036"},{"@type":"ListItem","position":3,"name":"Si t\u00eb blini"}]},{"@type":"WebSite","@id":"https:\/\/www.monopolcity.com\/#website","url":"https:\/\/www.monopolcity.com\/","name":"Monopol City","description":"","publisher":{"@id":"https:\/\/www.monopolcity.com\/#organization"},"potentialAction":[{"@type":"SearchAction","target":{"@type":"EntryPoint","urlTemplate":"https:\/\/www.monopolcity.com\/?s={search_term_string}"},"query-input":{"@type":"PropertyValueSpecification","valueRequired":true,"valueName":"search_term_string"}}],"inLanguage":"en-US"},{"@type":"Organization","@id":"https:\/\/www.monopolcity.com\/#organization","name":"Monopol City","url":"https:\/\/www.monopolcity.com\/","logo":{"@type":"ImageObject","inLanguage":"en-US","@id":"https:\/\/www.monopolcity.com\/#\/schema\/logo\/image\/","url":"https:\/\/www.monopolcity.com\/wp-content\/uploads\/2022\/07\/logo-seo-6.png","contentUrl":"https:\/\/www.monopolcity.com\/wp-content\/uploads\/2022\/07\/logo-seo-6.png","width":352,"height":94,"caption":"Monopol City"},"image":{"@id":"https:\/\/www.monopolcity.com\/#\/schema\/logo\/image\/"},"sameAs":["https:\/\/www.facebook.com\/monopolcity.ks\/?ti=as","https:\/\/x.com\/Monopolcity_ks","https:\/\/www.instagram.com\/monopolcity.ks"]}]}},"lang":"sq","translations":{"sq":1038,"en":677},"acf":{"link_to_page_news":"","link_to_page_press":"","link_to_page_blog":""},"pll_sync_post":[],"_links":{"self":[{"href":"https:\/\/www.monopolcity.com\/index.php?rest_route=\/wp\/v2\/pages\/1038","targetHints":{"allow":["GET"]}}],"collection":[{"href":"https:\/\/www.monopolcity.com\/index.php?rest_route=\/wp\/v2\/pages"}],"about":[{"href":"https:\/\/www.monopolcity.com\/index.php?rest_route=\/wp\/v2\/types\/page"}],"author":[{"embeddable":true,"href":"https:\/\/www.monopolcity.com\/index.php?rest_route=\/wp\/v2\/users\/1"}],"replies":[{"embeddable":true,"href":"https:\/\/www.monopolcity.com\/index.php?rest_route=%2Fwp%2Fv2%2Fcomments&post=1038"}],"version-history":[{"count":5,"href":"https:\/\/www.monopolcity.com\/index.php?rest_route=\/wp\/v2\/pages\/1038\/revisions"}],"predecessor-version":[{"id":7897,"href":"https:\/\/www.monopolcity.com\/index.php?rest_route=\/wp\/v2\/pages\/1038\/revisions\/7897"}],"up":[{"embeddable":true,"href":"https:\/\/www.monopolcity.com\/index.php?rest_route=\/wp\/v2\/pages\/1036"}],"wp:attachment":[{"href":"https:\/\/www.monopolcity.com\/index.php?rest_route=%2Fwp%2Fv2%2Fmedia&parent=1038"}],"curies":[{"name":"wp","href":"https:\/\/api.w.org\/{rel}","templated":true}]}}